t is the remainder when 31196 is divided by 204?
188
Calculate the remainder when 5359 is divided by 707.
410
Calculate the remainder when 1721181 is divided by 713.
712
What is the remainder when 7322 is divided by 530?
432
What is the remainder when 665 is divided by 630?
35
What is the remainder when 37352 is divided by 11?
7
Calculate the remainder when 30103 is divided by 5.
3
What is the remainder when 61391 is divided by 30690?
11
What is the remainder when 7166 is divided by 265?
11
What is the remainder when 59064 is divided by 14?
12
What is the remainder when 3051 is divided by 458?
303
Calculate the remainder when 2147 is divided by 45.
32
What is the remainder when 78218 is divided by 11?
8
What is the remainder when 85961 is divided by 412?
265
What is the remainder when 117533 is divided by 56?
45
Calculate the remainder when 204704 is divided by 25587.
8
What is the remainder when 556 is divided by 520?
36
Calculate the remainder when 786457 is divided by 15.
7
Calculate the remainder when 75324 is divided by 4429.
31
Calculate the remainder when 157670 is divided by 22.
18
Calculate the remainder when 250756 is divided by 62684.
20
Calculate the remainder when 1007 is divided by 674.
333
Calculate the remainder when 40725 is divided by 10.
5
What is the remainder when 7787 is divided by 236?
235
What is the remainder when 42911 is divided by 144?
143
What is the remainder when 17778 is divided by 146?
112
Calculate the remainder when 20488 is divided by 1024.
8
What is the remainder when 26866 is divided by 5?
1
What is the remainder when 1988 is divided by 326?
32
What is the remainder when 128266 is divided by 69?
64
Calculate the remainder when 28296 is divided by 4716.
0
Calculate the remainder when 1886 is divided by 304.
62
Calculate the remainder when 32172 is divided by 325.
322
What is the remainder when 851 is divided by 719?
132
Calculate the remainder when 393911 is divided by 4.
3
Calculate the remainder when 293129 is divided by 29.
26
Calculate the remainder when 2406 is divided by 28.
26
What is the remainder when 1073284 is divided by 85?
74
What is the remainder when 49518 is divided by 60?
18
What is the remainder when 1255 is divided by 274?
159
What is the remainder when 205653 is divided by 41128?
13
Calculate the remainder when 113898 is divided by 335.
333
What is the remainder when 10351 is divided by 268?
167
Calculate the remainder when 779153 is divided by 71.
70
What is the remainder when 687344 is divided by 86?
32
What is the remainder when 4232 is divided by 71?
43
Calculate the remainder when 586 is divided by 89.
52
What is the remainder when 27828 is divided by 296?
4
What is the remainder when 32780 is divided by 2340?
20
What is the remainder when 11081 is divided by 1581?
14
What is the remainder when 12785 is divided by 302?
101
Calculate the remainder when 153228 is divided by 77.
75
What is the remainder when 747645 is divided by 16?
13
What is the remainder when 2513 is divided by 513?
461
Calculate the remainder when 17496 is divided by 160.
56
Calculate the remainder when 1325051 is divided by 108.
107
Calculate the remainder when 66322 is divided by 6.
4
Calculate the remainder when 247980 is divided by 12.
0
What is the remainder when 142467 is divided by 34?
7
What is the remainder when 562093 is divided by 187361?
10
Calculate the remainder when 373293 is divided by 37329.
3
What is the remainder when 6664 is divided by 3287?
90
What is the remainder when 168774 is divided by 2637?
6
Calculate the remainder when 425 is divided by 130.
35
What is the remainder when 167 is divided by 128?
39
What is the remainder when 22295 is divided by 46?
31
Calculate the remainder when 11200 is divided by 63.
49
Calculate the remainder when 2009 is divided by 205.
164
What is the remainder when 2578 is divided by 806?
160
Calculate the remainder when 57236 is divided by 6.
2
Calculate the remainder when 901 is divided by 8.
5
What is the remainder when 379195 is divided by 240?
235
What is the remainder when 15026 is divided by 14921?
105
What is the remainder when 970 is divided by 136?
18
Calculate the remainder when 56517 is divided by 1662.
9
Calculate the remainder when 30749 is divided by 703.
520
What is the remainder when 51847 is divided by 19?
15
Calculate the remainder when 2707 is divided by 540.
7
Calculate the remainder when 1538 is divided by 291.
83
What is the remainder when 10054 is divided by 13?
5
Calculate the remainder when 19730 is divided by 35.
25
What is the remainder when 19155 is divided by 6382?
9
Calculate the remainder when 71053 is divided by 490.
3
Calculate the remainder when 2200 is divided by 23.
15
What is the remainder when 42210 is divided by 191?
190
Calculate the remainder when 262749 is divided by 21.
18
What is the remainder when 50297 is divided by 16764?
5
Calculate the remainder when 16640 is divided by 256.
0
Calculate the remainder when 11572 is divided by 40.
12
What is the remainder when 229069 is divided by 6027?
43
What is the remainder when 348 is divided by 116?
0
Calculate the remainder when 6985 is divided by 3467.
51
Calculate the remainder when 448556 is divided by 28.
24
What is the remainder when 31249 is divided by 1846?
1713
What is the remainder when 1579334 is divided by 22?
20
Calculate the remainder when 2257 is divided by 635.
352
What is the remainder when 202401 is divided by 17?
16
Calculate the remainder when 17000 is divided by 107.
94
Calculate the remainder when 512257 is divided by 20.
17
What is the remainder when 477 is divided by 137?
66
What is the remainder when 10863 is divided by 22?
17
What is the remainder when 455596 is divided by 54?
52
Calculate the remainder when 92814 is divided by 47.
36
Calculate the remainder when 522513 is divided by 7.
5
What is the remainder when 19539 is divided by 65?
39
Calculate the remainder when 2124 is divided by 1752.
372
What is the remainder when 9719 is divided by 27?
26
What is the remainder when 170454 is divided by 11?
9
What is the remainder when 148784 is divided by 767?
753
Calculate the remainder when 39070 is divided by 931.
899
What is the remainder when 5546 is divided by 2723?
100
Calculate the remainder when 27106 is divided by 263.
17
What is the remainder when 34949 is divided by 375?
74
What is the remainder when 26407 is divided by 9?
1
Calculate the remainder when 8519 is divided by 1693.
54
What is the remainder when 36842 is divided by 23?
19
What is the remainder when 118715 is divided by 64?
59
What is the remainder when 23407 is divided by 2128?
2127
Calculate the remainder when 42918 is divided by 294.
288
Calculate the remainder when 3122 is divided by 80.
2
Calculate the remainder when 2072 is divided by 2070.
2
Calculate the remainder when 13692 is divided by 904.
132
Calculate the remainder when 5637118 is divided by 1024.
1022
Calculate the remainder when 16623 is divided by 16379.
244
Calculate the remainder when 2457982 is divided by 1038.
1036
Calculate the remainder when 6047 is divided by 19.
5
What is the remainder when 9698 is divided by 646?
8
What is the remainder when 9797 is divided by 6?
5
What is the remainder when 25970 is divided by 747?
572
What is the remainder when 2458 is divided by 488?
18
Calculate the remainder when 461172 is divided by 143.
140
What is the remainder when 871381 is divided by 290459?
4
What is the remainder when 4872 is divided by 105?
42
Calculate the remainder when 6572 is divided by 1034.
368
What is the remainder when 80812 is divided by 637?
550
What is the remainder when 572571 is divided by 13?
12
What is the remainder when 2841 is divided by 2819?
22
Calculate the remainder when 36348 is divided by 4529.
116
Calculate the remainder when 2515 is divided by 5.
0
What is the remainder when 45131 is divided by 31?
26
Calculate the remainder when 1436 is divided by 327.
128
Calculate the remainder when 723447 is divided by 78.
75
What is the remainder when 58394 is divided by 9727?
32
Calculate the remainder when 18579 is divided by 4644.
3
What is the remainder when 1456570 is divided by 75?
70
Calculate the remainder when 46799 is divided by 8.
7
What is the remainder when 93332 is divided by 3333?